 divide 5252940?
True
Does 15 divide 38805690?
True
Is 121 a factor of 2999711?
True
Is 61 a factor of 100833?
True
Does 125 divide 2978375?
True
Is 18 a factor of 5297364?
True
Is 12109630 a multiple of 7?
False
Is 157677 a multiple of 67?
False
Is 7 a factor of 64617?
True
Does 31 divide 203887?
True
Is 561074 a multiple of 9?
False
Is 419768 a multiple of 591?
False
Is 32952 a multiple of 12?
True
Is 5113609 a multiple of 97?
False
Is 1070390 a multiple of 10?
True
Does 15 divide 438600?
True
Does 2 divide 22?
True
Does 30 divide 412126?
False
Is 6 a factor of 82296?
True
Does 56 divide 67592?
True
Does 17 divide 50801?
False
Is 758101 a multiple of 263?
False
Is 30660 a multiple of 210?
True
Is 358 a factor of 136398?
True
Is 46346 a multiple of 85?
False
Is 7854 a multiple of 2?
True
Does 1794 divide 6020664?
True
Is 179 a factor of 4468377?
True
Does 1046 divide 824386?
False
Is 232686 a multiple of 39?
False
Is 19 a factor of 353321?
False
Does 777 divide 4625481?
True
Is 24192 a multiple of 42?
True
Is 752193 a multiple of 13?
True
Does 154 divide 6985748?
True
Is 35 a factor of 430710?
True
Is 1562500 a multiple of 171?
False
Does 36 divide 16704?
True
Does 12 divide 5964021?
False
Does 134 divide 1380200?
True
Is 577 a factor of 1231895?
True
Does 26 divide 1965782?
True
Is 407745 a multiple of 195?
True
Does 512 divide 285204?
False
Is 1062373 a multiple of 633?
False
Is 27 a factor of 23948?
False
Is 252958 a multiple of 79?
True
Does 13 divide 490595?
False
Does 249 divide 2972056?
False
Is 252141 a multiple of 42?
False
Is 10151362 a multiple of 13?
True
Is 12 a factor of 993201?
False
Is 280663 a multiple of 8?
False
Does 279 divide 227106?
True
Is 52 a factor of 119868?
False
Does 335 divide 13373870?
True
Is 92533 a multiple of 9?
False
Is 90 a factor of 47520?
True
Does 12 divide 9132?
True
Does 18 divide 15342444?
True
Is 771491 a multiple of 37?
False
Does 12 divide 1215432?
True
Is 58 a factor of 218950?
True
Does 2 divide 7169?
False
Does 6 divide 130230?
True
Does 366 divide 2665578?
True
Does 5 divide 725475?
True
Is 30828 a multiple of 21?
True
Is 4196289 a multiple of 583?
False
Does 16 divide 189858?
False
Is 13 a factor of 49959?
True
Does 16 divide 347618?
False
Is 19068 a multiple of 5?
False
Is 6408 a multiple of 12?
True
Is 833 a multiple of 39?
False
Is 346160 a multiple of 16?
True
Is 194 a factor of 522074?
False
Is 73830 a multiple of 115?
True
Does 580 divide 16512721?
False
Is 170 a factor of 170680?
True
Does 59 divide 63815?
False
Does 18 divide 116802?
True
Is 158228 a multiple of 269?
False
Does 11 divide 399762?
True
Does 304 divide 120992?
True
Is 60 a factor of 750960?
True
Is 341 a factor of 196075?
True
Does 33 divide 444642?
True
Is 14611 a multiple of 12?
False
Is 1164343 a multiple of 93?
False
Is 267 a factor of 4005?
True
Does 299 divide 578087?
False
Does 549 divide 1283046?
False
Is 77 a factor of 1266881?
True
Is 126 a factor of 1915496?
False
Is 23 a factor of 24531179?
True
Is 58 a factor of 5633503?
False
Is 189 a factor of 3464585?
False
Is 1703640 a multiple of 8?
True
Is 306960 a multiple of 40?
True
Is 145 a factor of 211364?
False
Does 110 divide 7039780?
True
Is 1240 a factor of 1195360?
True
Is 248 a factor of 1204755?
False
Does 170 divide 78535?
False
Does 7 divide 238889?
True
Is 104909 a multiple of 28?
False
Is 874162 a multiple of 74?
True
Is 14 a factor of 894598?
False
Does 958 divide 6338128?
True
Does 166 divide 114872?
True
Is 52 a factor of 6616636?
True
Does 5 divide 66545?
True
Does 29 divide 215781?
False
Is 5 a factor of 9718215?
True
Is 41 a factor of 511505?
False
Is 30 a factor of 2191908?
False
Is 160 a factor of 337920?
True
Does 198 divide 255816?
True
Does 67 divide 144503?
False
Does 88 divide 526768?
True
Is 50 a factor of 3165767?
False
Is 8 a factor of 357744?
True
Does 144 divide 4432608?
True
Does 8 divide 644265?
False
Is 564394 a multiple of 82?
False
Is 17 a factor of 47175?
True
Does 307 divide 222174?
False
Is 1051 a factor of 1705061?
False
Is 42 a factor of 9086494?
False
Is 26 a factor of 158947?
False
Is 662080 a multiple of 320?
True
Does 429 divide 1563820?
False
Does 3 divide 22461?
True
Is 42062 a multiple of 261?
False
Is 258587 a multiple of 41?
True
Is 782544 a multiple of 137?
True
Does 196 divide 83496?
True
Is 5 a factor of 1067986?
False
Is 25 a factor of 3387825?
True
Is 12 a factor of 1403664?
True
Is 136 a factor of 7466672?
True
Is 27 a factor of 31185?
True
Does 3 divide 38571?
True
Does 245 divide 52675?
True
Is 549 a factor of 457317?
True
Does 62 divide 456940?
True
Is 68877 a multiple of 30?
False
Is 1364 a factor of 6135334?
False
Is 25 a factor of 2234325?
True
Is 5916364 a multiple of 178?
True
Does 133 divide 5184074?
True
Is 256008 a multiple of 23?
False
Is 211500 a multiple of 12?
True
Does 296 divide 6761?
False
Is 470 a factor of 746830?
True
Is 1142669 a multiple of 242?
False
Is 68682 a multiple of 98?
False
Is 4 a factor of 6161?
False
Does 55 divide 4728839?
False
Is 146 a factor of 76263?
False
Is 175 a factor of 22609650?
True
Is 14 a factor of 4603792?
False
Is 3730570 a multiple of 10?
True
Does 43 divide 213885?
False
Is 130 a factor of 64090?
True
Does 870 divide 421950?
True
Is 477 a factor of 856768?
False
Is 33 a factor of 119794?
False
Does 12 divide 32821?
False
Is 100 a factor of 21975100?
True
Does 1021 divide 2856039?
False
Is 3024109 a multiple of 9?
False
Is 758152 a multiple of 97?
True
Is 26208 a multiple of 56?
True
Does 36 divide 452135?
False
Is 50 a factor of 160750?
True
Is 319 a factor of 1273767?
True
Is 151980 a multiple of 510?
True
Does 9 divide 91020?
False
Is 90460 a multiple of 126?
False
Is 8697 a multiple of 13?
True
Is 61 a factor of 787221?
False
Does 23 divide 5929193?
True
Is 24 a factor of 410712?
True
Does 523 divide 662118?
True
Is 287212 a multiple of 35?
False
Is 139 a factor of 65747?
True
Does 113 divide 783681?
False
Is 16 a factor of 407014?
False
Is 56 a factor of 7430304?
True
Is 52375 a multiple of 3?
False
Is 57 a factor of 196365?
True
Does 103 divide 107506?
False
Is 1152 a factor of 396562?
False
Does 69 divide 982836?
True
Is 1030 a factor of 5266390?
True
Does 6 divide 267120?
True
Does 5 divide 35359?
False
Is 86400 a multiple of 45?
True
Is 53 a factor of 609265?
False
Does 1572 divide 1322052?
True
Does 38 divide 29032?
True
Is 26 a factor of 509496?
True
Is 2 a factor of 11322?
True
Is 19 a factor of 316603?
False
Is 393540 a multiple of 70?
True
Does 78 divide 289276?
False
Does 170 divide 719100?
True
Is 15 a factor of 242790?
True
Does 15 divide 625658?
False
Is 47 a factor of 6654660?
False
Is 34 a factor of 220728?
True
Does 58 divide 184092?
True
Is 252881 a multiple of 10?
False
Is 983 a factor of 360761?
True
Is 266 a factor of 94696?
True
Is 11 a factor of 110660?
True
Is 1100 a factor of 4506700?
True
Is 1099537 a multiple of 791?
False
Is 4291258 a multiple of 249?
False
Is 436356 a multiple of 68?
True
Is 154 a factor of 7528136?
True
Does 41 divide 5239479?
False
Does 201 divide 107999?
False
Is 86 a factor of 985103?
False
Is 22152 a multiple of 13?
True
Does 4 divide 169644?
True
Is 1343 a factor of 592263?
True
Is 12 a factor of 119663?
False
Is 101784 a multiple of 302?
False
Is 250614 a multiple of 546?
True
Is 72947 a multiple of 119?
True
Does 11 divide 1209588?
False
Does 11 divide 231781?
True
Is 30 a factor of 2664120?
True
Does 63 divide 515907?
True
Is 2609 even?
False
Is 114 a factor of 176170?
False
Is 153160 even?
True
Is 157481 a multiple of 2?
False
Does 85 divide 28900?
True
Is 8 a factor of 1002?
False
Is 2077398 a multiple of 213?
False
Is 156 a factor of 586803?
False
Is 86387 a multiple of 287?
True
Is 20 a factor of 42313?
False
Is 565 a multiple of 5?
True
Is 107100 a multiple of 476?
True
Does 89 divide 3637290?
False
Is 451 a factor of 17561038?
True
Is 12 a factor of 386232?
True
Is 71393 a multiple of 8?
False
Does 15 divide 373605?
True
Is 83 a factor of 2387668?
False
Is 161 a factor of 483644?
True
Is 564520 a multiple of 110?
True
Is 5 a factor of 4980710?
True
Is 17798837 a multiple of 1042?
False
Is 180206 a multiple of 16?
False
Is 185 a factor of 63085?
True
Is 82149 a multiple of 91?
False
Does 137